121021120
-8468241 (base 9) to base 2
-10001010010101110000001
-10111010010001 (base 2) to base 6
-131105
Convert -1323647 (base 9) to base 4.
-2300313022
What is 1046141 (base 10) in base 9?
1864028
Convert 12237 (base 13) to base 12.
17363
Convert 101111100001101110 (base 2) to base 12.
947a6
What is 447bc3 (base 13) in base 16?
18abad
54ba6 (base 12) to base 8
333256
Convert -193a (base 15) to base 16.
-154f
Convert 513355112 (base 6) to base 5.
4231131131
What is -212320 (base 6) in base 8?
-41770
What is 10c2082 (base 13) in base 15?
6c30b1
What is 42479 (base 16) in base 10?
271481
Convert -6834a (base 13) to base 9.
-317857
What is 1125918 (base 14) in base 8?
37100722
What is -111001101110011 (base 2) in base 13?
-105b6
-261106 (base 9) to base 7
-1226313
Convert 120269 (base 13) to base 5.
102210330
Convert -1201364 (base 7) to base 16.
-250f7
What is 1a74812 (base 11) in base 10?
3490863
What is -24254123 (base 7) in base 8?
-10204003
-3062207 (base 8) to base 6
-25224011
11630404 (base 7) to base 13
2a988c
Convert -545353424 (base 6) to base 5.
-10001003340
Convert 6042231 (base 10) to base 5.
3021322411
210001221 (base 4) to base 16
24069
20324044 (base 5) to base 11
104851
What is a23286 (base 12) in base 15?
351346
42400405 (base 6) to base 16
12fc95
853306 (base 9) to base 14
d2dd7
What is -83392 (base 15) in base 11?
-264555
51227267 (base 8) to base 10
10825399
Convert -30000231 (base 4) to base 16.
-c02d
Convert -1002101122222 (base 3) to base 13.
-173474
Convert -25a14 (base 13) to base 8.
-210266
-6336758 (base 9) to base 6
-200400342
11000010101010110110111 (base 2) to base 7
105135323
670535 (base 8) to base 16
3715d
What is -7d332 (base 14) in base 3?
-120111200022
Convert -8c1c23 (base 13) to base 2.
-1100101001111001010010
2e1ae0 (base 15) to base 10
2233335
-6ad785 (base 16) to base 13
-15b20b7
928c4 (base 13) to base 8
1001453
What is 43292 (base 14) in base 5?
20144131
Convert 20121100211 (base 3) to base 4.
133233223
Convert -110110100100111111011 (base 2) to base 12.
-722b63
-11003233113 (base 5) to base 16
-b3a8ce
Convert -202122000 (base 3) to base 7.
-61563
Convert -91b5b2 (base 12) to base 5.
-1040430321
What is -448a2 (base 13) in base 9?
-208721
What is -10000011100101010101 (base 2) in base 10?
-538965
What is -14710413 (base 8) in base 15?
-46b4cc
What is 6a6a7 (base 14) in base 15?
51c3e
Convert 17e484 (base 16) to base 14.
2ca8cc
-405434 (base 9) to base 3
-110012111011
Convert 2246654 (base 7) to base 3.
112021022222
Convert 1722a60 (base 12) to base 8.
22154550
What is 10332211221 (base 4) in base 3?
2110022001000
What is 3146250 (base 7) in base 13?
10488c
Convert -23000211310 (base 4) to base 5.
-1214323004
Convert 21474 (base 14) to base 16.
13a4e
-1101101010001011010 (base 2) to base 13
-128951
What is -1253134 (base 7) in base 11?
-102549
-169989 (base 10) to base 12
-82459
What is -53026042 (base 7) in base 13?
-c0a051
Convert -2123560 (base 7) to base 13.
-906c4
-311303300 (base 4) to base 5
-24023100
What is 1110002 (base 5) in base 14?
70c1
What is -1a51a9 (base 11) in base 7?
-2446330
What is -2200352 (base 7) in base 8?
-1015450
386ba4 (base 12) to base 2
11100001101100101100
What is -97243 (base 10) in base 15?
-1dc2d
-22949 (base 16) to base 9
-235258
87128 (base 10) to base 12
42508
-8652 (base 12) to base 15
-4585
What is 246b5a0 (base 13) in base 2?
101011001111011010000010
Convert -c83b68 (base 13) to base 10.
-4692540
What is 55c287 (base 13) in base 5?
1004313313
26255366 (base 7) to base 12
979225
1123221331 (base 4) to base 13
101b57
Convert -1124311440 (base 5) to base 13.
-6c1046
Convert 1506a6 (base 12) to base 14.
92b82
Convert 133222222 (base 4) to base 15.
28671
-3012003003 (base 4) to base 14
-1718b1
15533a (base 11) to base 2
111010111010100101
Convert -3cbcdb (base 15) to base 14.
-5622b6
What is 183671 (base 10) in base 4?
230311313
Convert -214770 (base 11) to base 4.
-1103233033
-b1b7b (base 16) to base 15
-e5a3b
Convert -182857 (base 14) to base 16.
-d013d
1137887 (base 12) to base 3
20020011222111
-340324 (base 5) to base 8
-27274
Convert 10011100110000100 (base 2) to base 16.
13984
Convert -b6a3b (base 14) to base 9.
-742008
What is -20200212022110 (base 3) in base 8?
-15450777
What is 2201220020 (base 3) in base 15?
10e66
-24533301 (base 6) to base 4
-3000320011
Convert 100001101001101100111110 (base 2) to base 3.
121121011220200
-24034410 (base 6) to base 5
-143021043
-110111100011100110 (base 2) to base 13
-7c766
11011011110000001110 (base 2) to base 16
dbc0e
-8256 (base 11) to base 12
-6407
-22208 (base 10) to base 5
-1202313
Convert 1379b24 (base 14) to base 10.
9438804
-11403042 (base 5) to base 16
-1a097
Convert c16cb (base 14) to base 6.
13545111
What is -1100100101101011111011 (base 2) in base 16?
-325afb
Convert 212388 (base 9) to base 5.
13021230
-58152e (base 15) to base 9
-7821108
What is -21910 (base 11) in base 14?
-b7b3
-24a16 (base 13) to base 14
-1a8dd
5db47 (base 15) to base 14
7b23c
-67dc (base 16) to base 5
-1322323
What is 124663 (base 10) in base 14?
33607
What is 1100101000001000000000 (base 2) in base 10?
3310080
-19b (base 16) to base 5
-3121
Convert 101011111100001110111 (base 2) to base 11.
8a3877
-11221133123 (base 5) to base 12
-42b4488
Convert -12460567 (base 9) to base 13.
-136461a
404613 (base 8) to base 16
2098b
Convert 712323 (base 11) to base 6.
40313052
Convert -101221312 (base 5) to base 4.
-1211010011
What is 4112551 (base 6) in base 15?
3d294
What is 10133243322 (base 5) in base 7?
154536613
What is -1205122 (base 7) in base 10?
-153043
What is 23475152 (base 8) in base 4?
103213221222
-125664 (base 10) to base 9
-211336
Convert 11303213 (base 5) to base 15.
20a3d
What is -11fece (base 16) in base 13?
-323a48
55001 (base 7) to base 9
20735
What is 151105514 (base 6) in base 9?
5807361
86ca64 (base 13) to base 15
429331
What is 225312452 (base 6) in base 2?
1111111011111011010000
4753849 (base 10) to base 3
22221112001111
-2042413120 (base 5) to base 2
-10000010000111001101111
-407327 (base 9) to base 6
-5102211
Convert 8118275 (base 10) to base 2.
11110111110000000000011
What is -252070 (base 8) in base 10?
-87096
What is 449401 (base 10) in base 2?
1101101101101111001
Convert -49157 (base 14) to base 7.
-1342540
-26b238 (base 14) to base 2
-101000110010111000010
What is -367179 (base 10) in base 6?
-11511523
Convert 8ba87 (base 14) to base 6.
11140103
What is 45201022 (base 8) in base 12?
332b32a
Convert -2232221303 (base 4) to base 9.
-1310275
101000011110111 (base 2) to base 13
9585
Convert 4384953 (base 10) to base 9.
8223020
What is -143306040 (base 7) in base 14?
-13851c7
What is -77436 (base 10) in base 12?
-38990
-1be53 (base 15) to base 4
-112031202
Convert 13154 (base 14) to base 2.
1011011101000110
What is 21aa414 (base 12) in base 13?
1449028
Convert -111001010011101111 (base 2) to base 6.
-5010423
What is 100110100100110001110 (base 2) in base 10?
1264014
What is -2322002330 (base 4) in base 12?
-308bb8
Convert -11430022 (base 5) to base 4.
-122121221
11313103013 (base 4) to base 16
1774c7
Convert -2134342 (base 5) to base 12.
-193a7
What is -101100011001000011110 (base 2) in base 6?
-51102210
37ca7a (base 13) to base 3
2112011211021
66977 (base 10) to base 2
10000010110100001
What is 101202111101 (base 3) in base 4?
303230323
What is 10100000100010010 (base 2) in base 4?
110010102
Convert -291713 (base 10) to base 9.
-484135
-151a06 (base 11) to base 9
-400744
-a7902 (base 11) to base 15
-316e8
Convert 16030344 (base 7) to base 3.
2220002010020
21848a (base 11) to base 16
54f45
Convert -41061415 (base 7) to base 4.
-31010213122
Convert -1a276 (base 14) to base 16.
-10330
420470 (base 8) to base 5
13431301
What is 1030102 (base 4) in base 15?
16a7
Convert 15336446 (base 7) to base 2.
101100111010011010100
What is -1320337 (base 11) in base 14?
-436715
Convert 3dc39 (base 16) to base 15.
4ee5a
Convert 5b3b9 (base 12) to base 6.
2350353
Convert -10111010101101100110 (base 2) to base 3.
-1102212001222
30a640 (base 12) to base 10
764688
Convert b0123 (base 15) to base 2.
10001000000001001101
-198b (base 14) to base 13
-2153
What is 402691 (base 10) in base 5?
100341231
What is -2009060 (base 11) in base 5?
-140223